{"id":571,"date":"2016-02-17T15:00:24","date_gmt":"2016-02-17T15:00:24","guid":{"rendered":"http:\/\/gloriatheme.com\/demo\/wp\/perada\/?page_id=571"},"modified":"2018-04-09T20:55:05","modified_gmt":"2018-04-09T20:55:05","slug":"languages","status":"publish","type":"page","link":"https:\/\/tlumaczymyonline.pl\/?page_id=571","title":{"rendered":"Obs\u0142ugiwane j\u0119zyki\/zasady wyceny"},"content":{"rendered":"<p>[vc_row css=&#8221;.vc_custom_1455832100815{margin-bottom: 16px !important;}&#8221;][vc_column][vc_row_inner el_class=&#8221;container&#8221; css=&#8221;.vc_custom_1455793527422{padding-right: 0px !important;padding-left: 0px !important;}&#8221;][vc_column_inner][vc_custom_heading text=&#8221;J\u0119zyki obs\u0142ugiwane przez nasze biuro&#8221; font_container=&#8221;tag:h2|font_size:40|text_align:left|color:%236d6e71&#8243; use_theme_fonts=&#8221;yes&#8221; css=&#8221;.vc_custom_1521914443165{margin-top: 0px !important;margin-bottom: 20px !important;}&#8221; el_class=&#8221;normalfont&#8221;][vc_column_text]Serdecznie zach\u0119camy do skorzystania z naszej oferty. Wypisane poni\u017cej j\u0119zyki stanowi\u0105 jedynie j\u0119zyki przyk\u0142adowe. Dok\u0142adn\u0105 wycen\u0119 dla konkretnej kombinacji j\u0119zykowej otrzymaj\u0105 Pa\u0144stwo przesy\u0142aj\u0105c dokumentacj\u0119 do wyceny. W tym celu mog\u0105 Pa\u0144stwo skorzysta\u0107 z zak\u0142adki kontakt lub zak\u0142adki ceny. W ramach oferty zapewniamy obs\u0142ug\u0119 t\u0142umacze\u0144 ustnych, pisemnych, zwyk\u0142ych , po\u015bwiadczonych.<\/p>\n<p>Zapraszamy![\/vc_column_text][vc_column_text el_class=&#8221;animate anim-fadeInUp&#8221;]<\/p>\n<div class=\"table-responsive\">\n<table class=\"table table-stipted table-bordered text-center\">\n<tbody>\n<tr>\n<td>Afrikaans<\/td>\n<td>Chi\u0144ski<\/td>\n<td>Niemiecki<\/td>\n<td>Turecki<\/td>\n<td>Ukrai\u0144ski<\/td>\n<td><\/td>\n<\/tr>\n<tr>\n<td>Alba\u0144ski<\/td>\n<td>Chorwacki<\/td>\n<td>Grecki<\/td>\n<td>Korea\u0144ski<\/td>\n<td>Wietnamski<\/td>\n<td><\/td>\n<\/tr>\n<tr>\n<td>Arabski<\/td>\n<td>Czeski<\/td>\n<td>\u0141acina<\/td>\n<td>Latin<\/td>\n<td>Portugalski<\/td>\n<td><\/td>\n<\/tr>\n<tr>\n<td>Arme\u0144ski<\/td>\n<td>Du\u0144ski<\/td>\n<td>Hindi<\/td>\n<td>\u0141otewski<\/td>\n<td>Rumu\u0144ski<\/td>\n<td><\/td>\n<\/tr>\n<tr>\n<td>Azerbejd\u017ca\u0144ski<\/td>\n<td>Holenderski<\/td>\n<td>W\u0119gierski<\/td>\n<td>Litewski<\/td>\n<td>Rosyjski<\/td>\n<td><\/td>\n<\/tr>\n<tr>\n<td>Niemiecki<\/td>\n<td>Angielski<\/td>\n<td>Islandzki<\/td>\n<td>Macedo\u0144ski<\/td>\n<td>Serbski<\/td>\n<td><\/td>\n<\/tr>\n<tr>\n<td>Rosyjski<\/td>\n<td>Esto\u0144ski<\/td>\n<td>Indonzyjski<\/td>\n<td>Polski<\/td>\n<td>S\u0142owacki<\/td>\n<td><\/td>\n<\/tr>\n<tr>\n<td>Bia\u0142oruski<\/td>\n<td>Fi\u0144ski<\/td>\n<td>Irish<\/td>\n<td>Malay<\/td>\n<td>S\u0142owe\u0144ski<\/td>\n<td><\/td>\n<\/tr>\n<tr>\n<td>Serbski<\/td>\n<td>Francuski<\/td>\n<td>W\u0142oski<\/td>\n<td>Malta\u0144ski<\/td>\n<td>Hiszpa\u0144ski<\/td>\n<td><\/td>\n<\/tr>\n<tr>\n<td>Bu\u0142garski<\/td>\n<td>Chorwacki<\/td>\n<td>Japo\u0144ski<\/td>\n<td>Mongolski<\/td>\n<td>Swahili<\/td>\n<td><\/td>\n<\/tr>\n<tr>\n<td>Hiszpa\u0144ski<\/td>\n<td>Gruzi\u0144ski<\/td>\n<td>Ukrai\u0144ski<\/td>\n<td>Norweski<\/td>\n<td>Szwedzki<\/td>\n<td><\/td>\n<\/tr>\n<\/tbody>\n<\/table>\n<\/div>\n<p>[\/vc_column_text][vc_separator color=&#8221;custom&#8221; accent_color=&#8221;#d7d7d7&#8243; css=&#8221;.vc_custom_1455832421417{margin-top: 42px !important;margin-bottom: 0px !important;}&#8221;][\/vc_column_inner][\/vc_row_inner][\/vc_column][\/vc_row][vc_row css=&#8221;.vc_custom_1461068177833{padding-right: 0px !important;padding-bottom: 50px !important;padding-left: 0px !important;background: #ffffff url(http:\/\/gloriatheme.com\/demo\/wp\/perada\/wp-content\/uploads\/2016\/02\/our-services-bg.jpg?id=62) !important;background-position: 0 0 !important;background-repeat: no-repeat !important;}&#8221; el_class=&#8221;backgroundcenterright container home1services&#8221;][vc_column][vc_custom_heading text=&#8221;Kr\u00f3tko o naszej ofercie&#8221; font_container=&#8221;tag:h2|font_size:40|text_align:left|color:%236d6e71&#8243; use_theme_fonts=&#8221;yes&#8221; css=&#8221;.vc_custom_1523306677048{margin-top: 0px !important;margin-bottom: 20px !important;}&#8221; el_class=&#8221;normalfont&#8221;][vc_column_text]<\/p>\n<p style=\"font-size: 17px; margin-bottom: 0px;\">Kompleksowa oferta naszego biura t\u0142umacze\u0144 obejmuje ca\u0142y szereg us\u0142ug, kt\u00f3rych przyk\u0142ady znajd\u0105 Pa\u0144stwo poni\u017cej:<\/p>\n<p>[\/vc_column_text][vc_row_inner el_class=&#8221;clearfix home1services&#8221; css=&#8221;.vc_custom_1461068169576{margin-top: 50px !important;}&#8221;][vc_column_inner width=&#8221;1\/4&#8243;]<div class=\"services-box services-box-big \"><div class=\"services-box-icon\"><i class=\"fa fa-comments-o\"><\/i><\/div><h3>T\u0142umaczenie online<\/h3><p style=\"color:#525252;\">T\u0142umaczenia przygotowane za po\u015brednictwem modu\u0142u t\u0142umacza automatycznego, dost\u0119pnego na naszej stronie. Us\u0142uga darmowa.<\/p><\/div>[\/vc_column_inner][vc_column_inner width=&#8221;1\/4&#8243;]<div class=\"services-box services-box-big \"><div class=\"services-box-icon\"><i class=\"fa fa-check-circle-o\"><\/i><\/div><h3>T\u0142umaczenia po\u015bwiadczone<\/h3><p style=\"color:#525252;\">T\u0142umaczenia po\u015bwiadczone we wszystkich j\u0119zykach europejskich i nie tylko. <\/p><\/div>[\/vc_column_inner][vc_column_inner width=&#8221;1\/4&#8243;]<div class=\"services-box services-box-big \"><div class=\"services-box-icon\"><i class=\"fa fa-book\"><\/i><\/div><h3>T\u0142umaczenia typu lokalizacja<\/h3><p style=\"color:#525252;\">Strony internetowe, aplikacje, programy<\/p><\/div>[\/vc_column_inner][vc_column_inner width=&#8221;1\/4&#8243;]<div class=\"services-box services-box-big \"><div class=\"services-box-icon\"><i class=\"fa fa-stop-circle-o\"><\/i><\/div><h3>T\u0142umaczenia ustne<\/h3><p style=\"color:#525252;\">Obs\u0142uga spotka\u0144 i konferencji.<\/p><\/div>[\/vc_column_inner][\/vc_row_inner][\/vc_column][\/vc_row][vc_row el_class=&#8221;container&#8221; css=&#8221;.vc_custom_1456055265908{margin-top: -45px !important;margin-bottom: 15px !important;padding-right: 0px !important;padding-left: 0px !important;}&#8221;][vc_column][vc_column_text][\/vc_column_text][\/vc_column][\/vc_row]<\/p>\n","protected":false},"excerpt":{"rendered":"<p>Learn about all language pairs that we give translation service.<\/p>\n","protected":false},"author":1,"featured_media":835,"parent":0,"menu_order":0,"comment_status":"closed","ping_status":"closed","template":"","meta":[],"_links":{"self":[{"href":"https:\/\/tlumaczymyonline.pl\/index.php?rest_route=\/wp\/v2\/pages\/571"}],"collection":[{"href":"https:\/\/tlumaczymyonline.pl\/index.php?rest_route=\/wp\/v2\/pages"}],"about":[{"href":"https:\/\/tlumaczymyonline.pl\/index.php?rest_route=\/wp\/v2\/types\/page"}],"author":[{"embeddable":true,"href":"https:\/\/tlumaczymyonline.pl\/index.php?rest_route=\/wp\/v2\/users\/1"}],"replies":[{"embeddable":true,"href":"https:\/\/tlumaczymyonline.pl\/index.php?rest_route=%2Fwp%2Fv2%2Fcomments&post=571"}],"version-history":[{"count":6,"href":"https:\/\/tlumaczymyonline.pl\/index.php?rest_route=\/wp\/v2\/pages\/571\/revisions"}],"predecessor-version":[{"id":1358,"href":"https:\/\/tlumaczymyonline.pl\/index.php?rest_route=\/wp\/v2\/pages\/571\/revisions\/1358"}],"wp:featuredmedia":[{"embeddable":true,"href":"https:\/\/tlumaczymyonline.pl\/index.php?rest_route=\/wp\/v2\/media\/835"}],"wp:attachment":[{"href":"https:\/\/tlumaczymyonline.pl\/index.php?rest_route=%2Fwp%2Fv2%2Fmedia&parent=571"}],"curies":[{"name":"wp","href":"https:\/\/api.w.org\/{rel}","templated":true}]}}